{"id":111,"date":"2022-04-10T07:11:18","date_gmt":"2022-04-10T07:11:18","guid":{"rendered":"https:\/\/tekno-pet.com.tr\/?page_id=111"},"modified":"2022-04-21T11:57:45","modified_gmt":"2022-04-21T11:57:45","slug":"misyon-2","status":"publish","type":"page","link":"https:\/\/tekno-pet.com.tr\/index.php\/misyon-2\/","title":{"rendered":"Misyon"},"content":{"rendered":"<h1 style=\"text-align: center;\">Misyon<\/h1>\n<p>Globalle\u015fen standartlarla ve geli\u015fen, yenilenen teknolojik imkanlarla uyumlu; ayn\u0131 zamanda \u00e7evreye, birey hayat\u0131na duyarl\u0131 olarak B\u00f6lgemizde in\u015faat ve Akaryak\u0131t da\u011f\u0131t\u0131m sekt\u00f6r\u00fcnde lider konuma gelerek gelece\u011fin yap\u0131lar\u0131n\u0131 in\u015fa etmek ve M\u00fc\u015fterilerimize akaryak\u0131t da\u011f\u0131t\u0131m\u0131nda memnun etmek.<\/p>\n<p>Markam\u0131z b\u00fcnyesindeki, deneyimli ve e\u011fitimli ekibimiz ile kaliteden, i\u015f g\u00fcvenli\u011finden \u00f6d\u00fcn vermeyen yap\u0131m\u0131zla m\u00fc\u015fteri memnuniyetini s\u00fcrd\u00fcr\u00fclebilir k\u0131lmak.<\/p>\n","protected":false},"excerpt":{"rendered":"<p>Misyon Globalle\u015fen standartlarla ve geli\u015fen, yenilenen teknolojik imkanlarla uyumlu; ayn\u0131 zamanda \u00e7evreye, birey hayat\u0131na duyarl\u0131 olarak B\u00f6lgemizde in\u015faat ve Akaryak\u0131t da\u011f\u0131t\u0131m sekt\u00f6r\u00fcnde lider konuma gelerek gelece\u011fin yap\u0131lar\u0131n\u0131 in\u015fa etmek ve M\u00fc\u015fterilerimize akaryak\u0131t da\u011f\u0131t\u0131m\u0131nda memnun etmek. Markam\u0131z b\u00fcnyesindeki, deneyimli ve e\u011fitimli ekibimiz ile kaliteden, i\u015f g\u00fcvenli\u011finden \u00f6d\u00fcn vermeyen yap\u0131m\u0131zla m\u00fc\u015fteri memnuniyetini s\u00fcrd\u00fcr\u00fclebilir k\u0131lmak.<\/p>\n","protected":false},"author":1,"featured_media":0,"parent":0,"menu_order":0,"comment_status":"closed","ping_status":"closed","template":"","meta":{"footnotes":""},"class_list":["post-111","page","type-page","status-publish","hentry"],"_links":{"self":[{"href":"https:\/\/tekno-pet.com.tr\/index.php\/wp-json\/wp\/v2\/pages\/111"}],"collection":[{"href":"https:\/\/tekno-pet.com.tr\/index.php\/wp-json\/wp\/v2\/pages"}],"about":[{"href":"https:\/\/tekno-pet.com.tr\/index.php\/wp-json\/wp\/v2\/types\/page"}],"author":[{"embeddable":true,"href":"https:\/\/tekno-pet.com.tr\/index.php\/wp-json\/wp\/v2\/users\/1"}],"replies":[{"embeddable":true,"href":"https:\/\/tekno-pet.com.tr\/index.php\/wp-json\/wp\/v2\/comments?post=111"}],"version-history":[{"count":3,"href":"https:\/\/tekno-pet.com.tr\/index.php\/wp-json\/wp\/v2\/pages\/111\/revisions"}],"predecessor-version":[{"id":371,"href":"https:\/\/tekno-pet.com.tr\/index.php\/wp-json\/wp\/v2\/pages\/111\/revisions\/371"}],"wp:attachment":[{"href":"https:\/\/tekno-pet.com.tr\/index.php\/wp-json\/wp\/v2\/media?parent=111"}],"curies":[{"name":"wp","href":"https:\/\/api.w.org\/{rel}","templated":true}]}}